{"id":28,"date":"2023-06-30T21:34:02","date_gmt":"2023-06-30T21:34:02","guid":{"rendered":"https:\/\/microteccomunicaciones.com\/?page_id=28"},"modified":"2023-07-01T20:28:47","modified_gmt":"2023-07-01T20:28:47","slug":"nosotros","status":"publish","type":"page","link":"https:\/\/microteccomunicaciones.com\/?page_id=28","title":{"rendered":"Nosotros"},"content":{"rendered":"\n<h2 class=\"wp-block-heading has-text-align-center\" style=\"font-size:38px;font-style:normal;font-weight:700;text-transform:uppercase\">Somos tus mejores aliados<\/h2>\n\n\n\n<div class=\"wp-block-columns is-layout-flex wp-container-3\">\n<div class=\"wp-block-column is-layout-flow\">\n<figure class=\"wp-block-image size-large is-resized\"><img decoding=\"async\" src=\"https:\/\/microteccomunicaciones.com\/wp-content\/uploads\/2023\/06\/internet2-574x1024.jpg\" alt=\"\" class=\"wp-image-54\" height=\"650\" srcset=\"https:\/\/microteccomunicaciones.com\/wp-content\/uploads\/2023\/06\/internet2-574x1024.jpg 574w, https:\/\/microteccomunicaciones.com\/wp-content\/uploads\/2023\/06\/internet2-168x300.jpg 168w, https:\/\/microteccomunicaciones.com\/wp-content\/uploads\/2023\/06\/internet2-768x1370.jpg 768w, https:\/\/microteccomunicaciones.com\/wp-content\/uploads\/2023\/06\/internet2-861x1536.jpg 861w, https:\/\/microteccomunicaciones.com\/wp-content\/uploads\/2023\/06\/internet2-1148x2048.jpg 1148w, https:\/\/microteccomunicaciones.com\/wp-content\/uploads\/2023\/06\/internet2-scaled.jpg 1435w\" sizes=\"(max-width: 574px) 100vw, 574px\" \/><\/figure>\n<\/div>\n\n\n\n<div class=\"wp-block-column is-layout-flow\">\n<p><\/p>\n\n\n\n<p><\/p>\n\n\n\n<p class=\"has-medium-font-size\"><strong>Misi\u00f3n<\/strong><\/p>\n\n\n\n<p class=\"has-medium-font-size\">Proporcionar a nuestros clientes un servicio de internet confiable que les permita conectarse y aprovechar al m\u00e1ximo las oportunidades digitales en sus vidas personales y profesionales.<\/p>\n\n\n\n<hr class=\"wp-block-separator has-alpha-channel-opacity\"\/>\n\n\n\n<p class=\"has-medium-font-size\"><strong>Visi\u00f3n<\/strong><\/p>\n\n\n\n<p class=\"has-medium-font-size\">Aspiramos a ser el socio preferido para satisfacer las necesidades digitales de nuestros clientes, creando una red s\u00f3lida y expandiendo constantemente nuestra cobertura geogr\u00e1fica.<\/p>\n\n\n\n<hr class=\"wp-block-separator has-alpha-channel-opacity\"\/>\n\n\n\n<p class=\"has-medium-font-size\"><strong>Valores<\/strong><\/p>\n\n\n\n<ul class=\"has-medium-font-size\">\n<li>Calidad<\/li>\n<\/ul>\n\n\n\n<ul class=\"has-medium-font-size\">\n<li>Confianza<\/li>\n<\/ul>\n\n\n\n<ul class=\"has-medium-font-size\">\n<li>Orientaci\u00f3n al cliente<\/li>\n<\/ul>\n\n\n\n<ul class=\"has-medium-font-size\">\n<li>Innovaci\u00f3n<\/li>\n<\/ul>\n\n\n\n<ul class=\"has-medium-font-size\">\n<li>Responsabilidad social<\/li>\n<\/ul>\n\n\n\n<ul class=\"has-medium-font-size\">\n<li>Trabajo en equipo<\/li>\n<\/ul>\n<\/div>\n<\/div>\n","protected":false},"excerpt":{"rendered":"<p>Somos tus mejores aliados Misi\u00f3n Proporcionar a nuestros clientes un servicio de internet confiable que les permita conectarse y aprovechar al m\u00e1ximo las oportunidades digitales en sus vidas personales y profesionales. Visi\u00f3n Aspiramos a ser el socio preferido para satisfacer las necesidades digitales de nuestros clientes, creando una red s\u00f3lida y expandiendo constantemente nuestra cobertura [&hellip;]<\/p>\n","protected":false},"author":1,"featured_media":0,"parent":0,"menu_order":0,"comment_status":"closed","ping_status":"closed","template":"","meta":[],"_links":{"self":[{"href":"https:\/\/microteccomunicaciones.com\/index.php?rest_route=\/wp\/v2\/pages\/28"}],"collection":[{"href":"https:\/\/microteccomunicaciones.com\/index.php?rest_route=\/wp\/v2\/pages"}],"about":[{"href":"https:\/\/microteccomunicaciones.com\/index.php?rest_route=\/wp\/v2\/types\/page"}],"author":[{"embeddable":true,"href":"https:\/\/microteccomunicaciones.com\/index.php?rest_route=\/wp\/v2\/users\/1"}],"replies":[{"embeddable":true,"href":"https:\/\/microteccomunicaciones.com\/index.php?rest_route=%2Fwp%2Fv2%2Fcomments&post=28"}],"version-history":[{"count":17,"href":"https:\/\/microteccomunicaciones.com\/index.php?rest_route=\/wp\/v2\/pages\/28\/revisions"}],"predecessor-version":[{"id":172,"href":"https:\/\/microteccomunicaciones.com\/index.php?rest_route=\/wp\/v2\/pages\/28\/revisions\/172"}],"wp:attachment":[{"href":"https:\/\/microteccomunicaciones.com\/index.php?rest_route=%2Fwp%2Fv2%2Fmedia&parent=28"}],"curies":[{"name":"wp","href":"https:\/\/api.w.org\/{rel}","templated":true}]}}